 - 12. Calculate the remainder when n is divided by g.
0
What is the remainder when (-33)/2*11/3*-2 is divided by 41?
39
Suppose 22 + 62 = 6*r. What is the remainder when 52 is divided by r?
10
Let g = -8 - -14. Suppose -4*i + 5*b + 23 = -3*i, 3*b + g = 0. Calculate the remainder when (-264)/(-7) + (-7)/((-245)/10) is divided by i.
12
What is the remainder when (-5 - (0 - 49)) + 1 is divided by 17?
11
Let f = -16 + 12. Let j = -25 - -18. Let s = f - j. Calculate the remainder when 4 is divided by s.
1
Let k(s) = s**3 - s**2 + s + 6. Let l be k(0). What is the remainder when 130/l + 3/9 is divided by 8?
6
Let l = -5 + 23. Suppose n - 5*v + l = 0, 9 = -3*n + 5*v - 5. What is the remainder when n is divided by -1 - 2*(1 - 2)?
0
What is the remainder when (3 - (-4 + 4)) + 12 is divided by 6?
3
Let n(s) = s**3 - 10*s**2 - 11*s + 3. Let l be n(11). Suppose 13 = u - 2*r + l, 0 = 5*u - 3*r - 78. Calculate the remainder when u is divided by 6.
0
Suppose 2*x + 4*i + 5 = 3*x, -5*x + 3*i + 25 = 0. What is the remainder when 18 is divided by x?
3
Let m be 6/12 - (-7)/(-2). Let d(f) = f**3 + 2*f**2 - 3*f + 1. Suppose 0 = 5*q - 3 - 2. What is the remainder when d(m) is divided by q?
0
Let g be ((-44)/(-5))/((-10)/(-25)). Suppose 4*z = g - 2. Calculate the remainder when 7 is divided by z.
2
Suppose 0 = -4*m + 3*m - 4. Let x be (2/(-4))/((-2)/m). What is the remainder when 15 - (0 + (x - -2)) is divided by 5?
4
Suppose -5*b + 5*c = -105, 3*c - 9 = -24. Let l(i) = -6*i - 6. Calculate the remainder when l(-6) is divided by b.
14
Suppose 43 = 4*w - 37. Let g = w - 15. Calculate the remainder when g is divided by 2 - ((1 - 4) + 2).
2
Suppose -5 = 4*b + 3*i - 23, -2*b - 3*i + 6 = 0. What is the remainder when 27 is divided by b?
3
Let p(x) = -x**3 + 7*x**2 - x - 7. Let g = 13 + -7. Suppose -2*z - 8 = -3*z. Calculate the remainder when p(g) is divided by z.
7
Let a(g) = -2*g + 21. Suppose -24 = -6*h + 5*h. What is the remainder when h is divided by a(4)?
11
Let x(d) = -d**2 - 9*d - 5. What is the remainder when 10 is divided by x(-8)?
1
Suppose -m + 5*g = -3*m + 19, -3*g = m - 10. Calculate the remainder when 27 is divided by m.
6
Let c = -19 - -44. Calculate the remainder when c is divided by 13.
12
Let x = 7 - 3. Suppose x*y - 18 - 22 = 0. Calculate the remainder when 28 is divided by y.
8
Let o = -8 + 13. Suppose 0 = 4*r + 4, 0*g + o*r + 79 = 2*g. What is the remainder when g is divided by 13?
11
Suppose -62 = -4*m + 162. Suppose 4*c - m = -2*r, 3*r + 5*c - 61 = r. What is the remainder when 70 is divided by ((-16)/(-3))/(4/r)?
22
Suppose u - 4*x - 4 = 0, x + 4*x = 20. What is the remainder when u is divided by 8?
4
Suppose -4 + 10 = 2*l. Calculate the remainder when -3*((-28)/12 - (-2)/3) is divided by l.
2
Suppose -6*m + 12*m = 78. What is the remainder when 64 is divided by m?
12
Suppose 4 = 2*x + 2. Suppose k + x = -3. Let v = 14 + k. Calculate the remainder when 29 is divided by v.
9
Suppose 9 = -4*h + 81. What is the remainder when 33 is divided by h?
15
Suppose -3*i - 4*p + 5 = 0, -4*i + 0 = -2*p - 36. Calculate the remainder when i is divided by 3.
1
Suppose -v - 15 = -5. Calculate the remainder when 24 is divided by 5/(v/(-32)) + -3.
11
Suppose -37 - 51 = -2*z + 4*h, -3*h = 0. Suppose 4*i - 4*t = 57 - 1, 4*i - 46 = -t. Calculate the remainder when z is divided by i.
8
Let u = 21 + -23. Let g = 3 - u. Calculate the remainder when g is divided by 3.
2
Suppose -m - 4*j = -15, 120 = 4*m - 4*j - 0*j. Calculate the remainder when 51 is divided by m.
24
Suppose 119 - 49 = 5*b. Suppose 3*s + 2*s + 2*c = 272, s = -4*c + 58. What is the remainder when s is divided by b?
12
Let q(j) = j**3 - 7*j**2 + 6*j + 2. Let a be q(6). Suppose -a*x = x - 9. What is the remainder when 4 is divided by x?
1
Suppose -4*l = k - 0*l - 1, 8 = 2*k + 2*l. Suppose -k*u = -6*j + 2*j + 93, -j + 3*u = -32. What is the remainder when j is divided by 4?
1
Suppose -45 = -0*j - j + 4*z, 5*z = -4*j + 243. Calculate the remainder when 47 is divided by (-1 + j/(-15))*-5.
23
Suppose 0 = -3*u - 5*n, 0 = 5*u + 4*n - n. Suppose u = a - 9 - 5. Calculate the remainder when ((-52)/(-6))/(1/3) is divided by a.
12
Suppose -2*y = 2 - 12. Let n be 0*-1*(-2)/2. Suppose y*z + 2 - 52 = n. What is the remainder when z is divided by 4?
2
Let a(c) = -c**3 + 5*c**2 + 15*c + 1. What is the remainder when 71 is divided by a(7)?
7
Suppose -d + 3*d = 4. Let b(n) be the third derivative of n**6/60 - n**5/30 + n**4/12 - n**3/6 - 3*n**2. Calculate the remainder when b(d) is divided by 4.
3
Let t = -14 - -8. Let v = -12 - t. What is the remainder when 21*v/(-2) - 1 is divided by 21?
20
Suppose 0 = -4*j + 4*d, 3*j = j - 3*d + 10. Let s = -14 + 16. What is the remainder when 46 is divided by 36/j - 1*s?
14
Suppose 14 = 2*o - s + 2*s, 3*o - 24 = -3*s. What is the remainder when 23 is divided by o?
5
Let s = 98 + -86. Calculate the remainder when 57 is divided by s.
9
Suppose -12 = -4*m, 88 + 23 = 3*g + 2*m. What is the remainder when 136 is divided by g?
31
Let u be 3*-2*(-1)/(-2). Suppose -4*o + 4 + 10 = 2*y, y + 3*o - 6 = 0. Calculate the remainder when (26/u)/(2/(-6)) is divided by y.
8
Let b = -96 + 221. Let f = b + 16. Suppose -2*s - s = -f. What is the remainder when s is divided by 24?
23
Let n(t) be the second derivative of -t**5/20 + t**4/2 + 5*t**3/6 + t**2/2 + 3*t. What is the remainder when n(6) is divided by 16?
15
What is the remainder when 2/(-5) - (-144)/10 is divided by (1 - 17)*8/(-16)?
6
Suppose 2*t = 4*c - 30, c - 2*t = -5*t - 10. Calculate the remainder when 19 is divided by c.
4
Let f = 2 + 2. Suppose -5*m - f*y + 43 = 8, -m + 2*y = -7. Suppose -4*t = -m*t + 3. Calculate the remainder when 1 is divided by t.
0
Let m(b) = -b**2 - 11*b + 1. What is the remainder when 31 is divided by m(-9)?
12
Suppose -4*p + 4*b = -68, -2*p + b + 4*b = -40. Calculate the remainder when 41 is divided by p.
11
Let o = -2 - -5. Suppose o = -u + 2*u. What is the remainder when u is divided by 2?
1
Let h(w) be the second derivative of 7*w**3/6 - 3*w. Let j = 15 + -11. Calculate the remainder when h(j) is divided by 10.
8
Suppose -3*q + 7*q = -76. Calculate the remainder when 97 is divided by (2 - q) + 5 + -1.
22
Let v(u) = -1. Let n(i) = i + 1. Let m(o) = o + 8. Let c be m(-5). Let q(k) = c*n(k) + 4*v(k). Calculate the remainder when q(2) is divided by 4.
1
Let d = -64 - -78. What is the remainder when 27 is divided by d?
13
Suppose 135 = 5*a - 6*w + w, 3*w - 73 = -4*a. What is the remainder when a is divided by 8?
6
What is the remainder when (-1)/(5/(-45)) + 0 is divided by 6?
3
Suppose -6*w - 168 = -10*w. Let s = w - 13. Calculate the remainder when s is divided by 6.
5
Let w = -33 + 55. Let k = -13 + w. What is the remainder when 24 is divided by k?
6
Suppose 0 = -2*h + 8. Suppose -8 = -3*k - 2. Suppose -14 = -h*d + k. What is the remainder when 11 is divided by d?
3
What is the remainder when 97 is divided by (15 - -1)*(-40)/(-32)?
17
Let g be (1 + 0)/(2/(-10)). Let a = 29 + -39. Let p = g - a. What is the remainder when 8 is divided by p?
3
Let w(i) = i. Let l be w(1). Suppose -4*c = -5 + l. Calculate the remainder when 1 is divided by c.
0
Let h(x) be the second derivative of -2*x**3 + 3*x. Let n be h(2). Calculate the remainder when 46 is divided by n*((-6)/9 + 0).
14
Let f = 27 - 9. Let s be (36/(-14))/(f/(-168)). Suppose -s = -3*i + 9. What is the remainder when 41 is divided by i?
8
Suppose 13 = -3*b - 4*n + 57, 3*n = -4*b + 61. Suppose i = 2*i - 6. What is the remainder when b is divided by i?
4
Suppose 0 = 4*q - 3*s + 3, 2*q - 1 = 4*q - s. Let l = q + 2. Calculate the remainder when 5 is divided by l.
1
Let u(i) = -i**2. Let k(s) = -s + 1. Let w(r) = -k(r) - u(r). Suppose -1 = z - 4. Calculate the remainder when 21 is divided by w(z).
10
Suppose 2*m + 3 = 13. Suppose 3*p - 8 = 4*j, 3*p - m*j = 6 + 1. Suppose 5 - 8 = -y. What is the remainder when p is divided by y?
1
Let c = -13 - -44. What is the remainder when c is divided by 8?
7
Suppose 4*h - h = 15. Suppose 5*l - h*m = 145, 5*m + 3 = -3*l + 130. Suppose 51 = 4*n + v, 2*n - v - 15 = 2*v. Calculate the remainder when l is divided by n.
10
Let p(w) = w**2 - 6*w - 9. Suppose -18 - 14 = -4*g. What is the remainder when p(g) is divided by 3?
1
Suppose -36*k =